vided by k.
14
Suppose -2*v + v + 37 = -5*g, 0 = -4*v - 3*g + 79. What is the remainder when 84 is divided by v?
18
Let s = 28 - 19. Suppose 5*f - 24 = -y, 2*y - 15 = -2*f + 33. What is the remainder when y is divided by s?
6
Let c = 11 + 12. Let u = c - 12. What is the remainder when 17 is divided by u?
6
What is the remainder when (-36)/4*(-2)/6 is divided by 2?
1
Suppose -3*i = -0*i + 9. Let n = 0 - i. What is the remainder when n is divided by 2?
1
Calculate the remainder when (162/(-15) - -2)/((-4)/40) is divided by 10.
8
Suppose 23 + 7 = 3*u. Let r be (-3 + 37)*(-1)/(-2). Let k = r + -11. Calculate the remainder when u is divided by k.
4
Let s(u) = -3 + 3*u + 1 - 1. Calculate the remainder when 61 is divided by s(8).
19
Let p = 24 + 9. What is the remainder when p is divided by 12?
9
Suppose 3*x = -9 - 0. Let q = 59 + -69. Let u = x - q. What is the remainder when 13 is divided by u?
6
Suppose a - 5*a + 72 = 0. What is the remainder when a is divided by 7?
4
Suppose -5*h + 20 = 0, 5*h = -5*u + h + 36. Let g be (-3)/6 + 2/u. Let p(i) = i + 11. What is the remainder when 32 is divided by p(g)?
10
Suppose 3*u - 11 = -n, -8 - 2 = -2*n. Let m(y) = 3*y - y**2 + y + 2*y**2 - 8. What is the remainder when m(-6) is divided by u?
0
Let h(s) = s**3 - 11*s**2 + 27*s - 10. What is the remainder when 55 is divided by h(8)?
13
Let b(f) = -2*f - 1. Calculate the remainder when 37 is divided by b(-10).
18
Let w(i) = i**2 - 3*i - 13. Let y(h) = h**2 + 4*h - 1. Calculate the remainder when w(-6) is divided by y(-6).
8
Calculate the remainder when 50 is divided by 150/(-20)*(-2)/5.
2
Let r be 5 - (0 - -2)*1. Suppose -r*d + 25 = -2*d. Calculate the remainder when 73 is divided by d.
23
Let p(m) = 2*m**2 + 8*m + 12. Let y be (1/(3 + -2))/1. Calculate the remainder when (68/(-2))/(-1 - y) is divided by p(-3).
5
Suppose -2*w + 3*l - 4 + 30 = 0, 2*l + 36 = 4*w. Calculate the remainder when 48 is divided by w.
6
Suppose 9*t = 5*t + 32. Let o = -1 + t. What is the remainder when 33 is divided by o?
5
Let w(m) = m - 4. Let x be w(4). Let u(p) = -p**2 + p + 3. Let j be u(x). Suppose -r + 4 = j*r. What is the remainder when r is divided by 1?
0
Let z(n) = -n. Let f be z(4). Let o(l) = -12*l + 1. Let y(q) = 2*q + 7. What is the remainder when o(f) is divided by y(5)?
15
Suppose 4*d + 2*h = 33 + 39, -5*h = 3*d - 61. Calculate the remainder when d is divided by 6.
5
Let i = 19 - 8. Suppose 5*b = 3*d + 7, -5*d = 4*b - 2*b - 9. Suppose 0 = -2*u + 5*a + 32, -4*a - d = 2*u - 51. What is the remainder when u is divided by i?
10
Suppose 0*m = -3*m + 231. Suppose m + 123 = 2*n. Suppose x = -4*x + n. Calculate the remainder when x is divided by 11.
9
Let x = 3 + -18. Let s = 43 + x. What is the remainder when s is divided by 5/1*4/2?
8
Let g(u) = -u + 2. Let x be g(2). Suppose x = v + 3 - 7. Suppose -4*k - a - a = -32, 3*a - 34 = -4*k. What is the remainder when k is divided by v?
3
Calculate the remainder when 82 is divided by ((-11)/4)/((-16)/128).
16
Suppose 2*c = 4*c + 4. Let l be -1 + 4 + (c - -1). Suppose 3*b = -l*b + 60. What is the remainder when 34 is divided by b?
10
What is the remainder when 71 is divided by (-1)/5 + 91/5?
17
Let c = 235 + -165. Calculate the remainder when c is divided by 18.
16
Suppose f - 20 = -5*g + 12, f - g - 20 = 0. Calculate the remainder when 64 is divided by f.
20
Suppose -5*n + 10 = 5*j, 0 = -n + 5*j - 0 + 8. What is the remainder when 12/(-15)*(-65)/2 is divided by 11 + 2/(2/n)?
12
Let z = 1 - -6. Suppose 1 + z = 4*o. Suppose 2*m + o - 24 = 0. Calculate the remainder when 31 is divided by m.
9
Suppose 0*k + 4*k = 204. Suppose 33 + k = 3*q. What is the remainder when q is divided by 10?
8
Suppose 5*b = 5*a + b - 45, 2*b = -2*a. What is the remainder when 17 is divided by a?
2
Suppose -4*o + 3*o + 4 = 0. Suppose -m - 3*l - l + 17 = 0, -21 = -3*m - 2*l. Calculate the remainder when m is divided by o.
1
Suppose 0*g - 3*g + 27 = 0. Let j be -1 - 6/g*3. What is the remainder when 17 is divided by (-1)/(j/(-6)) + 11?
8
Let r(h) = 12*h - 1. Let s = -5 + 8. What is the remainder when r(s) is divided by 12?
11
Let x(c) = c**3 + 6*c**2 + 7*c + 6. Let q(r) = -3*r**3 + 3*r. Let l be q(-3). Let b = l - 43. What is the remainder when b is divided by x(-4)?
9
Let s = 38 + 20. Suppose 0 = -6*x + 11 + 169. What is the remainder when s is divided by x?
28
Let m(w) = w + 8. Suppose 4*f + 5 = 3*v - 3, -23 = 3*f + 2*v. Suppose -5*t = -5*u - 5, -4*t - 4*u = -6 - 30. Calculate the remainder when t is divided by m(f).
2
Let f(s) = -s**3 + 12*s**2 + 11*s + 31. What is the remainder when 21 is divided by f(13)?
1
Let m(o) = 2*o - 3. Let r(n) = -n**2 + n + 5. Let h be r(0). Let z be m(h). Suppose 110 = z*b - 2*b. What is the remainder when b is divided by 8?
6
Calculate the remainder when 9 is divided by 27/3 - 3 - 4.
1
Let g(o) = 4*o**2 - 2*o - 12. What is the remainder when g(-4) is divided by (-21)/(-2)*(0 + 2)?
18
What is the remainder when 82 is divided by ((-56)/(-12) - 0)*3?
12
Suppose 10*g + 9 = 11*g. Let r(v) = -v + 4. Let i be r(-3). Let u = 10 + i. Calculate the remainder when u is divided by g.
8
Suppose 0 = g - 92 + 16. Suppose -4*w = -2*n - 138, n + g = -4*w + 205. What is the remainder when 129 is divided by w?
30
Suppose 13 = 5*h - 5*k - 17, -4*k + 4 = 0. Let q(r) = 12*r**2 - 143*r. What is the remainder when q(12) is divided by h?
5
Let l = -79 - -130. What is the remainder when l is divided by 13?
12
Suppose -4*n - g + 29 = -3*n, -4*n + 117 = 5*g. Let i(l) = -10*l - 1. Let t be i(-2). Let q = -9 + t. Calculate the remainder when n is divided by q.
8
Let d(l) = 0 - 13*l**2 + 6*l**3 + 2 - l**3 - 4*l**3 + 12*l. Let r be d(12). What is the remainder when (-192)/(-3)*1/r is divided by 17?
15
What is the remainder when 88/(-11)*-2*1 is divided by 9?
7
Let j(w) = -w - 1. Let v(y) = -4*y + 7. Let g(c) = -6*j(c) - v(c). Calculate the remainder when g(1) is divided by 6.
3
Let s = -33 - -67. Suppose 10*p - 12*p + 24 = 0. Let l = 0 + p. Calculate the remainder when s is divided by l.
10
Suppose -3*d - 1 = 4*q - 9*q, -2*d = -2*q - 2. What is the remainder when d is divided by 2?
1
Let h = -2 + 7. Suppose -b = -2 - h. Suppose -2*w = 5*c + 1 - 2, 5*c + 11 = 2*w. Calculate the remainder when b is divided by w.
1
Let r be -24 - (-3 + 8 + -2). Calculate the remainder when (3 + 0)*10/3 is divided by 4/3*r/(-6).
4
Suppose -4*x = -3*x - 19. Let u(s) = -s**2 - 9*s + 2. Suppose 0 = -o - 2*o - 5*r - 4, o + r + 4 = 0. Calculate the remainder when x is divided by u(o).
9
Let g = -18 + 28. Calculate the remainder when g is divided by 4.
2
Suppose 36 = 6*u - 2*u. Calculate the remainder when 25 is divided by u.
7
Let f(q) be the third derivative of q**4/6 + q**3/3 + q**2. Let l be (-2 + 6/4)*-4. Calculate the remainder when 29 is divided by f(l).
9
What is the remainder when 14 is divided by (-2 - 0)/((-2)/8)?
6
Let o(h) = 6*h + 12. What is the remainder when o(8) is divided by 16?
12
Let j(w) = -7*w - 2. Let t be (-3)/2 - (-3)/(-6). What is the remainder when 163/7 - 2/7 is divided by j(t)?
11
Let n(u) = -u**2 - 9*u - 5. Suppose 2*d = d. Let v(l) = l - 6. Let f be v(d). What is the remainder when n(f) is divided by 5?
3
Suppose -j + 20 = 3*j, -366 = -4*a + 2*j. Calculate the remainder when a is divided by 19.
18
Suppose 75 = 5*s - 5*o, 3*o + 26 = s + 3. Calculate the remainder when 30 is divided by s.
8
Let l = 7 + -7. Suppose l = 2*t - t - 18. Let z = t - 13. What is the remainder when 9 is divided by z?
4
Suppose 8 = j + 3*x, -j + 4 + 4 = -4*x. Suppose r + 3*p - 2*p - 13 = 0, -3*p = r - 9. What is the remainder when r is divided by j?
7
Suppose -n - 1 = 4*m + 17, n + 3*m = -14. Calculate the remainder when 53 is divided by -3 - n/(-3)*-33.
15
Suppose -2*x = -6 - 4. Suppose 0 = x*m + 25, -w = -2*w + 5*m + 44. Calculate the remainder when w is divided by 7.
5
Let c(u) = 20*u. Let f be c(8). Suppose f + 30 = 5*d. Calculate the remainder when d is divided by 13.
12
Suppose 3*y - 87 = 3*t, 3*y - 7*y - 4*t + 116 = 0. What is the remainder when 86 is divided by y?
28
Suppose 0 = -3*q - 2*d + 326, 0 = -4*q - d + 3*d + 430. What is the remainder when q is divided by 28?
24
Suppose -2*i = 2*i - 32. Let j(c) = c - 3. Let h be j(8). What is the remainder when ((-2)/h)/((-2)/70)